3 + 5*l**2 + 5*l - 7. Let c(w) = 2*w**3 - 10*w**2 - 11*w + 13. Let m(n) = -3*c(n) - 5*k(n). Determine m(6).
8
Let r(z) = -z**2 - z + 2. Let c(i) = -5*i**2 - 4*i + 14. Let t(u) = c(u) - 6*r(u). What is t(4)?
26
Let r be (13 - 18)/(2/2). Let f(x) = -8*x**3 + x**2 - 29*x - 14. Let j(z) = -3*z**3 - 10*z - 5. Let s(o) = 4*f(o) - 11*j(o). Give s(r).
4
Let u(o) = -o**2 - 2*o - 2. Let q(m) = m. Let v(a) = 3*q(a) + u(a). Calculate v(2).
-4
Let p(u) = -4*u**2. Let o be p(-1). Let r = 12 - 7. Let t = o + r. Let h(b) = 3*b**2 + b - 1. Calculate h(t).
3
Let o be (0 - 3/5)*-5. Let i(d) = 1 - 4*d + d + o. Determine i(4).
-8
Suppose 0 = -d - 0 - 24. Let g be (3/6)/(2/d). Let v(w) be the first derivative of -w**2/2 + 3. What is v(g)?
6
Let g(p) be the third derivative of -p**5/60 - 5*p**4/24 + 5*p**3/6 - 2*p**2. What is g(-6)?
-1
Let c(z) = 2*z - 2. Let s be c(-2). Let p(x) = x**3 + 6*x**2 - 1. Determine p(s).
-1
Let z(q) = q**2 - 6*q - 4. Let a(o) = o**2 - 4*o + 2. Let k be a(5). Give z(k).
3
Let o(s) be the third derivative of s**7/5040 + s**6/90 + s**5/60 - 2*s**2. Let f(i) be the third derivative of o(i). What is f(-6)?
2
Let v(b) be the first derivative of b**2/2 + 20. Determine v(3).
3
Let f(n) be the third derivative of n**4/8 - n**3/3 - 2*n**2. Let o(j) = -9*j + 5. Let b(w) = 8*f(w) + 3*o(w). Calculate b(1).
-4
Let z(u) = -2*u**2 - u. Let g be z(-1). Let j(o) = -5*o + 1. Give j(g).
6
Let g(r) be the second derivative of -r**7/630 + r**6/720 - r**4/3 - 5*r. Let x(h) be the third derivative of g(h). Give x(-1).
-5
Let y be (7/(-7))/(1 + -2). Suppose b = -0*b + y. Let w(c) = 4*c**3 + c**2. Calculate w(b).
5
Let u(b) = b + 3. Let o(k) = -k**3 - 8*k**2 + 11*k + 15. Let m be o(-9). Determine u(m).
0
Let s(j) = 5*j + 21. Let c(x) = -2*x - 10. Let l(y) = 9*c(y) + 4*s(y). Calculate l(6).
6
Let t(p) = -6*p**2 + 10*p**2 + 1 - 6 - p**3 + 2*p. Calculate t(4).
3
Let s(z) = z**3 - 4*z**2 - 6*z - 4. Let u(r) = -r**2 - 5*r - 1. Let a be u(-3). Determine s(a).
-9
Let s = 4 + -1. Suppose -3*i + i = 4*h, 0 = 2*i + s*h + 1. Let q(v) = v**2 + 2*v + 3. What is q(i)?
3
Let j(h) = -9*h**2 - 2*h + 1. Suppose -3*q - 5*t - 1 = -0, -4*t + 7 = 5*q. Let p be 0/((-2)/(-3)*q). Suppose -o - o + 2 = p. Calculate j(o).
-10
Let k(l) = l**3 + 5*l**2 + 4*l - 2. Suppose -c + 1 = 5. Give k(c).
-2
Suppose 4*u + 5*y + 21 = 6*u, -4*u - 13 = y. Suppose 4*x - 6 = a + 2*x, 4*x - 6 = 5*a. Let t(g) = a - g + 0*g**2 - 3 + g**2. Calculate t(u).
5
Suppose -15*i + 18*i = 3. Let p(a) = 7*a**2 - 1. Determine p(i).
6
Let n(i) be the first derivative of 2 - 1/4*i**4 + 1/2*i**2 + 2/3*i**3 - i. Let p(r) = r**2 - 3*r + 3. Let s be p(3). Calculate n(s).
-7
Let p be (2/6)/((-1)/3). Let f(z) = -8*z**2 + 8*z + 1. Let b(g) = 8*g**2 - 7*g - 1. Let x(a) = 6*b(a) + 5*f(a). Calculate x(p).
9
Let g(b) = -3*b**3 - b**2 - 6*b + 4. Let o(c) = -9*c**3 - 3*c**2 - 17*c + 11. Let m(a) = 11*g(a) - 4*o(a). Determine m(-2).
-24
Let d(k) = -3. Let q(t) = -t + 4. Let h(r) = 3*d(r) + 2*q(r). Let g be (2 - 1) + -1 + 10/5. Calculate h(g).
-5
Let p(s) = -2*s - 4. Let t be p(-4). Suppose -2 = -2*f - t, -3*f = z + 7. Let o(n) = -n. Let b(r) = r + 3. Let g(q) = -b(q) - 2*o(q). Determine g(z).
-7
Let x(m) be the second derivative of m**7/840 + m**6/60 + 5*m**4/24 + m**3/6 + 2*m. Let f(c) be the second derivative of x(c). Determine f(-6).
5
Let q be 0 - ((-5 - -2) + 1). Let r(h) = 0*h - q*h - h + 4*h. Determine r(-1).
-1
Let z(g) = 26 - 2*g - 15 - g**2 - 4. Give z(-5).
-8
Let g(a) = 2*a + 1. Let r(n) = -1 - 1 + 1 + 0 - 5*n. Let h(m) = 7*g(m) + 3*r(m). Let l(w) = -w**2 - 6*w - 4. Let z be l(-3). Give h(z).
-1
Let m(r) = -r**2 - r - 2. Suppose 3*b - 6 - 6 = -2*p, -3*p + 3*b - 12 = 0. Suppose p*u = 2*u. What is m(u)?
-2
Suppose 4*u - 1 - 3 = 0, 3*m - 2*u + 17 = 0. Let b(s) = 7*s - 2. Let r(a) = 8*a - 2. Let o(w) = m*r(w) + 6*b(w). Give o(4).
6
Let i(l) = -2*l**3 - 5*l**2 + 2*l - 2. Let x(z) = -z**3 - 5*z**2 + 3*z - 1. Let j(g) = 2*i(g) - 3*x(g). Determine j(4).
-5
Suppose 0 = -4*s - 3*l - 33, -5*l = -s - s + 3. Let o(d) = d + 2. Calculate o(s).
-4
Let z be (-50)/20*(-12)/10. Let y(r) = 4*r - r + r - z. Calculate y(2).
5
Let c(u) be the second derivative of -7*u**4/12 - u. Suppose -2*y + 1 + 1 = 0. Determine c(y).
-7
Let o(m) be the second derivative of -m**4/12 + m**3/3 - 3*m**2/2 + 8*m. Give o(3).
-6
Let x be 14/42 + 1/(-3). Let f(y) = -y**3 - y**2 - y - 22. Give f(x).
-22
Let c(w) = -w**3 - 2*w**2 + w + 2. Suppose -4*o + 3*o = -4*y + 5, 3*y - 2*o = 0. Suppose 2*z - 6*z - y = -3*h, -2*h = -z + 2. What is c(z)?
0
Let n(c) = -c**2 - 7*c - 3. Let o be 5*2/(-2 - 0). Let l(w) = -w**3 - 4*w**2 + 6*w - 1. Let m be l(o). Determine n(m).
3
Suppose 0 = 4*u - 0*u. Let y(t) = -t + u*t + 2*t - 1 + t. Suppose -4*p + 2*d + 12 + 8 = 0, 2*p + 4*d + 10 = 0. Calculate y(p).
5
Let w be 10/5 + 1*-2. Let x(y) = -7 + 10 - 8 - y. Calculate x(w).
-5
Suppose 0 = -4*q - h + 17, -q + 37 = 3*q + 5*h. Let j(o) = -q*o + 0 + 7 - 1. Give j(6).
-12
Let w(k) = -k + 5. Let m be w(4). Let j be (1 + m - 0) + 0. Suppose j*c = c - 5. Let n(r) = r**2 + 6*r + 1. Give n(c).
-4
Suppose 6 = -a + 4*a. Suppose 0 = a*l + m + 1, -5*l = -2*l - 4*m + 29. Let z(d) = d**3 + 4*d**2 - d - 3. What is z(l)?
9
Let j(v) = -v**3 + 5*v**2 + 5*v + 5. Let g be j(6). Let b be (g - (1 + 0))*-1. Let d(q) = 2*q**3 + 4*q**2 - 2 + 0 - b*q**3 - q**3. Determine d(4).
-2
Let a(q) = 2*q**2 - q. Let h(b) = -2*b + 19. Let m be h(10). Determine a(m).
3
Let m be (-3 + 1)*(-9)/2. Suppose -4*p - 1 + m = 4*i, 4*p + 8 = 0. Let j(r) = r + 1904 - 1909 - 2*r + 2*r. Give j(i).
-1
Let f(o) = -5*o**3 - 9*o**2 + 3*o. Let v(l) = 9*l**3 + 17*l**2 - 7*l. Let j(y) = 7*f(y) + 4*v(y). What is j(-6)?
6
Let l(y) = y. Let h(f) = 7*f - 1. Let c(m) = h(m) - 6*l(m). What is c(1)?
0
Let g(f) = -f**2 - 4*f + 3. Let p be g(-5). Let t(x) = x**3 + x**2 - x + 1. Give t(p).
-1
Suppose -5*n + 5 - 25 = 0, 5*n = -t - 15. Let f(y) = 2*y - t + 5. What is f(3)?
6
Let m(i) = i**3 - 15*i**2 + 11*i - 15. Let b(o) = o**3 - 16*o**2 + 10*o - 14. Let f(d) = 2*b(d) - 3*m(d). Give f(12).
5
Let q(r) = -r**3 - 4*r**2 + 3. Suppose 0*n = 3*n + 12. Let l be q(n). Let u(v) = 3*v**2 + 2 + 6*v**3 - 7*v**l - v + 6*v. What is u(4)?
6
Suppose 0 = m + m + 16. Let c = m + 6. Let r(b) = b + 1. Let o(t) = -6*t - 5. Let j(u) = o(u) + 5*r(u). Give j(c).
2
Suppose 3*o - r = -2, 2*r = 4*o + 2 + 2. Suppose -4*g + 0*k + 5*k + 3 = o, -5*g = -2*k + 9. Let c(i) = -i + 4. What is c(g)?
7
Let z be 4/26 - 6/39. Let w(y) = y. What is w(z)?
0
Let i(g) = g**3 - g**2 + 6. Let w(s) = s**3 + 1. Let j(b) = i(b) - 2*w(b). Let x be j(0). Let h be x/(-2) - 0/(-2). Let t(v) = v**2 + 3*v - 2. Calculate t(h).
-4
Let b(j) = -4 + 4 - 6 - 2*j. What is b(-4)?
2
Suppose 2*s = -s - 18. Let r(p) = 2*p + 7. What is r(s)?
-5
Let k(h) = h - 60*h**2 + 125*h**2 - 60*h**2. Calculate k(-1).
4
Suppose m - 5*n + 1 = 11, 2*n + 4 = 2*m. Let a(s) = 0*s**3 + m*s + s**2 + s**3 + s - 1. What is a(1)?
2
Suppose -11*i - 5 = -6*i. Let h(g) = 2*g + 1. What is h(i)?
-1
Suppose 0 = -4*d - 1 - 3. Let z = -43 - -45. Let o be z*d*(5 - 4). Let l(p) = 3*p + 3. What is l(o)?
-3
Let p(s) = -10*s**3 + 1. Suppose 0 = r - v - 3, 16 = 2*r + 2*r - 5*v. Calculate p(r).
11
Let m(y) = y**2 - 8*y - 2. Let w be ((-8)/6)/((-1)/6). Calculate m(w).
-2
Let g(h) be the first derivative of -h**2/2 + 12*h - 10. Determine g(7).
5
Let f(o) = 14*o - 1. Let s(q) = 15*q - 1. Let w(c) = -3*f(c) + 2*s(c). What is w(1)?
-11
Let p(x) = -x - 9. Suppose -2*g = -4*o + g + 36, 3*o - 3*g = 30. Let f(i) = i**2 - 8*i + 6. Let k be f(o). What is p(k)?
-3
Let b = -4 - -5. Let z be (-5)/(-2) - b/(-2). Suppose z*a + 5 = 2*a. Let k(y) = -y**3 - 6*y**2 - 7*y - 6. Calculate k(a).
4
Let c be -5*(-3)/(-9)*-3. Let o(v) = 5*v**3 + 12*v**2 - 7*v - 4. Let t(k) = -6*k**3 - 13*k**2 + 7*k + 5. Let m(x) = -7*o(x) - 6*t(x). Give m(c).
8
Let u(w) = w - 1. Suppose -2*d = 5*b - 26, -2*b + 2 = -d + 3*b. Let i(f) = f**2 - 6*f - 9. Let y be i(d). Give u(y).
6
Let r = -8 - -5. Let k = 7 + -5. Let n(j) = 3*j**2 + j**3 + 2*j**2 + j - 2*j**k + 4. Determine n(r).
1
Let c(w) = 3*w**2 - 4*w - 6. Let r(n) = 1 + 1 + 0*n**2 + 3 + 3*n - 4*n**2. Let o(q) = -3*c(q) - 2*r(q). What is o(7)?
1
Let w = -5 + 5. Suppose -6*z = -2*z - 5*i - 10, w = 2*z - 5*i. Let d(l) = -l**2 + 4*l + 5. Calculate d(z).
0
Su